214 is divided by 20.
14
What is the remainder when 74 is divided by 51?
23
What is the remainder when 818 is divided by 55?
48
Calculate the remainder when 214 is divided by 4.
2
What is the remainder when 29 is divided by 22?
7
What is the remainder when 736 is divided by 45?
16
What is the remainder when 368 is divided by 144?
80
What is the remainder when 81 is divided by 12?
9
Calculate the remainder when 149 is divided by 21.
2
Calculate the remainder when 303 is divided by 19.
18
What is the remainder when 1796 is divided by 7?
4
Calculate the remainder when 220 is divided by 28.
24
Calculate the remainder when 2308 is divided by 7.
5
Calculate the remainder when 599 is divided by 84.
11
What is the remainder when 1698 is divided by 54?
24
What is the remainder when 478 is divided by 96?
94
Calculate the remainder when 2402 is divided by 219.
212
What is the remainder when 2883 is divided by 31?
0
Calculate the remainder when 123 is divided by 63.
60
Calculate the remainder when 419 is divided by 135.
14
Calculate the remainder when 2320 is divided by 166.
162
Calculate the remainder when 739 is divided by 185.
184
Calculate the remainder when 325 is divided by 82.
79
What is the remainder when 32 is divided by 22?
10
Calculate the remainder when 148 is divided by 23.
10
Calculate the remainder when 314 is divided by 95.
29
Calculate the remainder when 1392 is divided by 109.
84
What is the remainder when 104 is divided by 5?
4
Calculate the remainder when 603 is divided by 61.
54
Calculate the remainder when 86 is divided by 86.
0
Calculate the remainder when 1625 is divided by 290.
175
Calculate the remainder when 2023 is divided by 25.
23
What is the remainder when 2431 is divided by 21?
16
What is the remainder when 511 is divided by 215?
81
Calculate the remainder when 1050 is divided by 24.
18
Calculate the remainder when 3106 is divided by 28.
26
Calculate the remainder when 28 is divided by 10.
8
What is the remainder when 247 is divided by 209?
38
Calculate the remainder when 536 is divided by 79.
62
Calculate the remainder when 3891 is divided by 279.
264
What is the remainder when 213 is divided by 117?
96
Calculate the remainder when 658 is divided by 60.
58
What is the remainder when 16 is divided by 7?
2
Calculate the remainder when 359 is divided by 36.
35
What is the remainder when 270 is divided by 34?
32
What is the remainder when 294 is divided by 121?
52
What is the remainder when 21823 is divided by 176?
175
What is the remainder when 868 is divided by 19?
13
What is the remainder when 191 is divided by 24?
23
Calculate the remainder when 266 is divided by 54.
50
What is the remainder when 103 is divided by 28?
19
What is the remainder when 442 is divided by 107?
14
Calculate the remainder when 972 is divided by 332.
308
What is the remainder when 495 is divided by 56?
47
Calculate the remainder when 1016 is divided by 333.
17
What is the remainder when 311 is divided by 4?
3
What is the remainder when 180 is divided by 48?
36
What is the remainder when 1348 is divided by 123?
118
Calculate the remainder when 74 is divided by 69.
5
What is the remainder when 14278 is divided by 109?
108
What is the remainder when 98 is divided by 20?
18
What is the remainder when 262 is divided by 16?
6
What is the remainder when 1347 is divided by 90?
87
Calculate the remainder when 141 is divided by 80.
61
What is the remainder when 284 is divided by 7?
4
What is the remainder when 575 is divided by 83?
77
Calculate the remainder when 1009 is divided by 85.
74
Calculate the remainder when 359 is divided by 72.
71
Calculate the remainder when 839 is divided by 60.
59
What is the remainder when 480 is divided by 13?
12
What is the remainder when 147 is divided by 10?
7
What is the remainder when 138 is divided by 20?
18
Calculate the remainder when 121 is divided by 41.
39
Calculate the remainder when 6176 is divided by 206.
202
What is the remainder when 408 is divided by 163?
82
What is the remainder when 87 is divided by 9?
6
What is the remainder when 327 is divided by 55?
52
What is the remainder when 297 is divided by 167?
130
Calculate the remainder when 402 is divided by 76.
22
What is the remainder when 2502 is divided by 148?
134
What is the remainder when 199 is divided by 7?
3
What is the remainder when 485 is divided by 170?
145
What is the remainder when 132 is divided by 74?
58
Calculate the remainder when 290 is divided by 87.
29
What is the remainder when 63 is divided by 34?
29
What is the remainder when 5709 is divided by 29?
25
What is the remainder when 192 is divided by 28?
24
Calculate the remainder when 625 is divided by 115.
50
What is the remainder when 9597 is divided by 75?
72
What is the remainder when 44 is divided by 5?
4
What is the remainder when 641 is divided by 28?
25
Calculate the remainder when 817 is divided by 7.
5
Calculate the remainder when 755 is divided by 21.
20
Calculate the remainder when 676 is divided by 137.
128
What is the remainder when 675 is divided by 53?
39
Calculate the remainder when 163 is divided by 87.
76
What is the remainder when 2266 is divided by 60?
46
Calculate the remainder when 974 is divided by 321.
11
What is the remainder when 716 is divided by 113?
38
Calculate the remainder when 587 is divided by 231.
125
What is the remainder when 1933 is divided by 639?
16
What is the remainder when 47 is divided by 12?
11
Calculate the remainder when 1376 is divided by 13.
11
Calculate the remainder when 787 is divided by 88.
83
What is the remainder when 170 is divided by 5?
0
Calculate the remainder when 419 is divided by 25.
19
What is the remainder when 459 is divided by 117?
108
What is the remainder when 296 is divided by 99?
98
Calculate the remainder when 178 is divided by 23.
17
Calculate the remainder when 4 is divided by 2.
0
Calculate the remainder when 32 is divided by 2.
0
What is the remainder when 2403 is divided by 594?
27
What is the remainder when 415 is divided by 207?
1
What is the remainder when 7214 is divided by 13?
12
Calculate the remainder when 35 is divided by 25.
10
Calculate the remainder when 573 is divided by 12.
9
Calculate the remainder when 315 is divided by 38.
11
What is the remainder when 781 is divided by 16?
13
What is the remainder when 2809 is divided by 22?
15
Calculate the remainder when 1125 is divided by 72.
45
Calculate the remainder when 33 is divided by 24.
9
What is the remainder when 59 is divided by 34?
25
What is the remainder when 245 is divided by 63?
56
What is the remainder when 83496 is divided by 13?
10
What is the remainder when 384 is divided by 130?
124
Calculate the remainder when 675 is divided by 224.
3
Calculate the remainder when 1500 is divided by 49.
30
What is the remainder when 274 is divided by 95?
84
Calculate the remainder when 812 is divided by 68.
64
What is the remainder when 1974 is divided by 5?
4
What is the remainder when 36 is divided by 12?
0
What is the remainder when 1464 is divided by 61?
0
What is the remainder when 1556 is divided by 29?
19
What is the remainder when 746 is divided by 451?
295
What is the remainder when 236 is divided by 81?
74
What is the remainder when 74 is divided by 28?
18
What is the remainder when 118 is divided by 17?
16
Calculate the remainder when 7872 is divided by 37.
28
What is the remainder when 77 is divided by 39?
38
Calculate the remainder when 151 is divided by 3.
1
Calculate the remainder when 34 is divided by 31.
3
Calculate the remainder when 1073 is divided by 341.
50
Calculate the remainder when 196 is divided by 43.
24
Calculate the remainder when 163 is divided by 33.
31
What is the remainder when 2385 is divided by 77?
75
Calculate the remainder when 3667 is divided by 40.
27
Calculate the remainder when 13 is divided by 4.
1
Calculate the remainder when 276 is divided by 20.
16
Calculate the remainder when 161 is divided by 73.
15
Calculate the remainder when 172 is divided by 35.
32
What is the remainder when 158 is divided by 49?
11
What is the remainder when 697 is divided by 72?
49
Calculate the remainder when 175 is divided by 99.
76
Calculate the remainder when 9199 is divided by 20.
19
What is the remainder when 480 is divided by 1